to base 13
-943
What is 20202 (base 3) in base 12?
132
What is 111100100100101 (base 2) in base 10?
31013
What is -5745 (base 8) in base 5?
-44140
-29629 (base 10) to base 8
-71675
Convert -54086 (base 10) to base 3.
-2202012012
Convert 2413 (base 5) to base 15.
18d
-222421 (base 6) to base 9
-27624
Convert 201221 (base 3) to base 10.
538
Convert -524202 (base 6) to base 8.
-122652
Convert -48ba (base 13) to base 12.
-5b59
Convert 436 (base 7) to base 6.
1011
What is -30 (base 16) in base 11?
-44
What is 699 (base 12) in base 14?
501
1173 (base 13) to base 4
212130
e7a (base 16) to base 10
3706
What is 1001110010110000 (base 2) in base 3?
2001000122
What is -8921 (base 11) in base 8?
-26760
What is 9a06 (base 14) in base 4?
12200212
212121 (base 3) to base 14
337
3066 (base 7) to base 4
100311
Convert 7 (base 9) to base 6.
11
What is -1101000112 (base 3) in base 4?
-12211223
64 (base 9) to base 16
3a
Convert 133223 (base 4) to base 14.
a4b
What is 5366 (base 10) in base 3?
21100202
-2b7 (base 15) to base 13
-38b
-14774 (base 9) to base 14
-3983
Convert -6bc7 (base 15) to base 9.
-34377
Convert -c59 (base 13) to base 15.
-952
4d0 (base 15) to base 7
3123
35 (base 12) to base 14
2d
Convert 100111110000 (base 2) to base 8.
4760
What is 134440 (base 5) in base 4?
1113310
-86 (base 13) to base 2
-1101110
What is 2231 (base 5) in base 4?
10330
What is -425 (base 15) in base 14?
-4ab
-6128 (base 11) to base 9
-12141
Convert 108556 (base 9) to base 12.
31989
Convert 20122003 (base 4) to base 7.
202252
What is 101223 (base 8) in base 2?
1000001010010011
What is -18a (base 14) in base 7?
-633
What is 211442 (base 6) in base 8?
41522
2403 (base 6) to base 3
210110
What is 23375 (base 8) in base 2?
10011011111101
21101 (base 4) to base 10
593
1341 (base 5) to base 12
165
Convert 1012022 (base 3) to base 16.
368
Convert -15 (base 7) to base 3.
-110
What is 1301012 (base 4) in base 3?
100221002
452b (base 16) to base 6
213551
What is -100011101000 (base 2) in base 11?
-1793
Convert 24829 (base 10) to base 12.
12451
5585 (base 14) to base 7
61125
What is -136 (base 13) in base 10?
-214
-201120 (base 3) to base 7
-1353
Convert 5d (base 15) to base 2.
1011000
What is -223221 (base 7) in base 14?
-105b8
Convert -998 (base 10) to base 16.
-3e6
-1647 (base 9) to base 4
-103222
11ca (base 14) to base 5
44433
What is -4053 (base 7) in base 13?
-846
Convert 20002 (base 5) to base 13.
754
Convert -200103 (base 6) to base 8.
-36347
What is 249 (base 15) in base 7?
1341
-45035 (base 9) to base 5
-1424141
What is -63612 (base 8) in base 15?
-7cc1
What is -694 (base 14) in base 12?
-90a
Convert -41120 (base 5) to base 12.
-1658
Convert 222110 (base 4) to base 9.
3638
Convert 12113 (base 9) to base 5.
224422
-1525 (base 6) to base 11
-346
What is 33460 (base 10) in base 12?
17444
What is 2011110 (base 3) in base 5?
22303
-1131231 (base 5) to base 15
-627b
Convert 2588 (base 14) to base 8.
14674
What is -386 (base 9) in base 16?
-141
Convert -10211212 (base 3) to base 11.
-211a
What is -846 (base 16) in base 11?
-1656
100 (base 2) to base 10
4
What is -34013 (base 6) in base 7?
-16611
Convert -134b (base 12) to base 11.
-1738
Convert 44ca (base 14) to base 4.
2322202
Convert -545 (base 9) to base 3.
-121112
Convert 6622 (base 7) to base 4.
211000
What is 6127 (base 8) in base 12?
19b3
What is 14a3 (base 11) in base 9?
2572
14422 (base 9) to base 6
113245
Convert -1185 (base 11) to base 14.
-7c5
40 (base 7) to base 9
31
112211201 (base 3) to base 6
122031
22101202 (base 3) to base 15
1c32
-c6c (base 15) to base 2
-101011110010
What is e885 (base 15) in base 10?
49175
What is -149b (base 12) in base 13?
-1145
Convert 64553 (base 7) to base 2.
11111010111101
Convert -4221 (base 5) to base 2.
-1000110001
Convert 10111100111110 (base 2) to base 8.
27476
What is 1556 (base 13) in base 16?
c29
371 (base 10) to base 9
452
765 (base 8) to base 13
2c7
1eb4 (base 15) to base 5
203234
What is 3010 (base 5) in base 10?
380
What is -7a6 (base 15) in base 8?
-3303
What is 33 (base 11) in base 4?
210
Convert -6bba (base 12) to base 9.
-17527
Convert -1011212020 (base 3) to base 2.
-101101010111010
What is 10000000001001 (base 2) in base 16?
2009
What is -4053 (base 9) in base 12?
-1870
What is 907 (base 12) in base 7?
3541
-15453 (base 10) to base 9
-23170
-110333 (base 4) to base 8
-2477
What is -242 (base 16) in base 10?
-578
-cc54 (base 13) to base 11
-1a424
What is -14311 (base 6) in base 4?
-203203
What is 2303 (base 6) in base 5?
4133
Convert 10544 (base 9) to base 3.
100121111
Convert 100110 (base 6) to base 3.
101201120
Convert -2003 (base 8) to base 11.
-854
What is -244313 (base 5) in base 16?
-2475
Convert 232422 (base 5) to base 12.
4ab3
What is -1201213 (base 4) in base 3?
-22120101
Convert 2786 (base 14) to base 5.
210403
Convert -5190 (base 14) to base 4.
-3123122
What is 52 (base 14) in base 5?
242
-1111000111111010 (base 2) to base 5
-3440241
What is 202111201 (base 3) in base 15?
466a
31145 (base 6) to base 3
12201102
Convert -1110110000 (base 2) to base 5.
-12234
31131 (base 6) to base 15
1374
Convert 36894 (base 12) to base 11.
50528
Convert -2114242 (base 5) to base 16.
-8af4
What is -16436 (base 11) in base 5?
-1220100
What is 34404 (base 7) in base 8?
21107
-102462 (base 7) to base 6
-214033
Convert 172ac (base 14) to base 11.
3a780
Convert -1103013 (base 4) to base 16.
-14c7
Convert 13159 (base 14) to base 5.
3000143
Convert -111111101010 (base 2) to base 10.
-4074
Convert -350 (base 13) to base 12.
-3b8
What is -1102122 (base 3) in base 15?
-498
354 (base 12) to base 9
611
What is 8406 (base 10) in base 2?
10000011010110
Convert 351 (base 7) to base 9.
223
Convert 22555 (base 8) to base 16.
256d
What is -15115 (base 8) in base 16?
-1a4d
Convert 23742 (base 8) to base 7.
41524
-40817 (base 9) to base 4
-12210130
Convert -41 (base 11) to base 8.
-55
Convert 267b (base 14) to base 8.
15165
Convert -5442 (base 16) to base 10.
-21570
Convert -1154 (base 8) to base 13.
-389
Convert 57175 (base 9) to base 15.
b422
-13013011 (base 4) to base 9
-43851
What is -4118 (base 10) in base 11?
-3104
Convert -4013 (base 6) to base 5.
-11443
Convert -1210200 (base 3) to base 7.
-3555
Convert -1000011100 (base 2) to base 12.
-390
298 (base 10) to base 13
19c
4c55 (base 15) to base 7
65315
What is -4067 (base 10) in base 7?
-14600
Convert -604 (base 9) to base 4.
-13222
What is 10101001011 (base 2) in base 10?
1355
-16a14 (base 11) to base 7
-126353
-4414 (base 9) to base 12
-1a71
-32001231 (base 4) to base 12
-292b9
What is 1234 (base 16) in base 14?
19ac
Convert 120102011 (base 3) to base 14.
4148
Convert 257 (base 8) to base 2.
10101111
-3020 (base 9) to base 14
-b37
Convert 1132201 (base 4) to base 8.
13641
What is -cb6 (base 14) in base 12?
-1554
-3a6b (base 16) to base 8
-35153
321300 (base 5) to base 13
4c09
-52740 (base 8) to base 6
-245440
What is 11010001011011 (base 2) in base 10?
13403
Convert 10001000110 (base 2) to base 13.
662
9ce (base 16) to base 12
1552
What is -61a (base 12) in base 6?
-4034
-211020011 (base 3) to base 8
-37514
1164 (base 7) to base 14
234
Convert -132424 (base 5) to base 8.
-12364
Convert 14051 (base 14) to base 11.
34187
What is -51 (base 16) in base 13?
-63
Convert -1099 (base 10) to base 16.
-44b
What is 14c17 (base 13) in base 4?
21213211
3140 (base 5) to base 13
264
What is 148a (base 12) in base 8?
4552
Convert c59c (base 16) to base 7.
300326
1535 (base 6) to base 13
263
Convert -2210200200 (base 3) to base 2.
-1101011110001011
Convert 1927 (base 13) to base 16.
ea7
512561 (base 7) to base 9
142812
What is -2241 (base 5) in base 6?
-1253
What is -c1d7 (base 15) in base 10?
-40927
What is -200222201 (base 3) in base 14?
-508b
-12 (base 11) to base 4
-31
What is -11212200 (base 4) in base 15?
-6be9
What is -103321 (base 4) in base 14?
-66d
210222212 (base 3) to base 11
11057
-11a4 (base 15) to base 11
-2903
What is 119 (base 14) in base 8?
333
624 (base 7) to base 3
102120
36 (base 13) to base 5
140
Convert -111557 (base 8) to base 7.
-215016
-33b (base 12) to base 4
-13133
Convert 2025 (base 8) to base 14.
549
What is 1104 (base 6) in base 10?
256
What is -4633 (base 11) in base 7?
-23513
What is 592 (base 10) in base 8?
1120
Convert -1